{"id":44,"date":"2024-05-13T12:53:10","date_gmt":"2024-05-13T10:53:10","guid":{"rendered":"https:\/\/maps.iee.fraunhofer.de\/energymaps\/?page_id=44"},"modified":"2024-05-13T12:53:10","modified_gmt":"2024-05-13T10:53:10","slug":"impressum","status":"publish","type":"page","link":"https:\/\/maps.iee.fraunhofer.de\/energymaps\/index.php\/impressum\/","title":{"rendered":"Impressum"},"content":{"rendered":"\n<p>Das Fraunhofer-Institut f\u00fcr Energiewirtschaft und Energiesystemtechnik IEE,<\/p>\n\n\n\n<p>Fraunhofer-Institut f\u00fcr Energiewirtschaft und Energiesystemtechnik IEE<br>Joseph-Beuys-Stra\u00dfe 8<br>34117 Kassel, Germany<br>Internet: <a href=\"http:\/\/www.iee.fraunhofer.de\" data-type=\"link\" data-id=\"www.iee.fraunhofer.de\">www.iee.fraunhofer.de<\/a><\/p>\n\n\n\n<h3 class=\"wp-block-heading\">Web-Redaktion<\/h3>\n\n\n\n<p>Mail: web@iee-fraunhofer.de<\/p>\n\n\n\n<p>ist eine rechtlich nicht selbstst\u00e4ndige Einrichtung der<\/p>\n\n\n\n<p>Fraunhofer-Gesellschaft<br>zur F\u00f6rderung der angewandten Forschung e.V.<br>Hansastra\u00dfe 27 c<br>80686 M\u00fcnchen<br>Internet: <a href=\"http:\/\/www.fraunhofer.de\" data-type=\"link\" data-id=\"www.fraunhofer.de\">www.fraunhofer.de<\/a><\/p>\n\n\n\n<p>Umsatzsteuer-Identifikationsnummer gem\u00e4\u00df \u00a7 27 a<br>Umsatzsteuergesetz: DE 129515865<\/p>\n\n\n\n<p>Registergericht<br>Amtsgericht M\u00fcnchen<br>Eingetragener Verein<br>Register-Nr. VR 4461<\/p>\n\n\n\n<h3 class=\"wp-block-heading\">Vorstand<\/h3>\n\n\n\n<p><strong>Prof. Dr.-Ing. Holger Hanselka<\/strong> | Pr\u00e4sident<br><strong>Prof. Dr. Axel M\u00fcller-Groeling<\/strong> | Mitglied des Vorstands<br><strong>Ass. jur. Elisabeth Ewen<\/strong> | Mitglied des Vorstands<br><strong>Dr. Sandra Krey<\/strong> | Mitglied des Vorstands<\/p>\n\n\n\n<h3 class=\"wp-block-heading\">Nutzungsrechte<\/h3>\n\n\n\n<p>\u00a9 Fraunhofer-Gesellschaft e.V., M\u00fcnchen<\/p>\n\n\n\n<p>Alle Rechte vorbehalten.<br>Die Urheberrechte dieser Webseite liegen vollst\u00e4ndig bei der Fraunhofer-Gesellschaft.<\/p>\n\n\n\n<p>Ein Download oder Ausdruck dieser Ver\u00f6ffentlichungen ist ausschlie\u00dflich f\u00fcr den pers\u00f6nlichen Gebrauch gestattet. Alle dar\u00fcber hinaus gehenden Verwendungen, insbesondere die kommerzielle Nutzung und Verbreitung, sind grunds\u00e4tzlich nicht gestattet und bed\u00fcrfen der schriftlichen Genehmigung.<\/p>\n\n\n\n<p>Ein Download oder Ausdruck ist dar\u00fcber hinaus lediglich zum Zweck der Berichterstattung \u00fcber die Fraunhofer-Gesellschaft und ihrer Institute nach Ma\u00dfgabe untenstehender Nutzungsbedingungen gestattet:<\/p>\n\n\n\n<p>Grafische Ver\u00e4nderungen an Bildmotiven \u2013 au\u00dfer zum Freistellen des Hauptmotivs \u2013 sind nicht gestattet. Es ist stets die Quellenangabe und \u00dcbersendung von zwei kostenlosen Belegexemplaren an die oben genannte Adresse erforderlich. Die Verwendung ist honorarfrei.<\/p>\n\n\n\n<h3 class=\"wp-block-heading\">Haftungshinweis<\/h3>\n\n\n\n<p>Wir \u00fcbernehmen keine Haftung f\u00fcr die Inhalte externer Links. F\u00fcr den Inhalt der verlinkten Seiten sind ausschlie\u00dflich deren Betreiber verantwortlich.<\/p>\n\n\n\n<p>Wir sind bem\u00fcht, das Webangebot stets aktuell und inhaltlich richtig sowie vollst\u00e4ndig anzubieten. Dennoch ist das Auftreten von Fehlern nicht v\u00f6llig auszuschlie\u00dfen. Das Fraunhofer-Institut bzw. die Fraunhofer-Gesellschaft \u00fcbernimmt keine Haftung f\u00fcr die Aktualit\u00e4t, die inhaltliche Richtigkeit sowie f\u00fcr die Vollst\u00e4ndigkeit der in ihrem Webangebot eingestellten Informationen. Dies bezieht sich auf eventuelle Sch\u00e4den materieller oder ideeller Art Dritter, die durch die Nutzung dieses Webangebotes verursacht wurden.<\/p>\n\n\n\n<p>Gesch\u00fctzte Marken und Namen, Bilder und Texte werden auf unseren Seiten in der Regel nicht als solche kenntlich gemacht. Das Fehlen einer solchen Kennzeichnung bedeutet jedoch nicht, dass es sich um einen freien Namen, ein freies Bild oder einen freien Text im Sinne des Markenzeichenrechts handelt.<\/p>\n","protected":false},"excerpt":{"rendered":"<p>Das Fraunhofer-Institut f\u00fcr Energiewirtschaft und Energiesystemtechnik IEE, Fraunhofer-Institut f\u00fcr Energiewirtschaft und Energiesystemtechnik IEEJoseph-Beuys-Stra\u00dfe 834117 Kassel, GermanyInternet: www.iee.fraunhofer.de Web-Redaktion Mail: web@iee-fraunhofer.de [&hellip;]<\/p>\n","protected":false},"author":1,"featured_media":0,"parent":0,"menu_order":0,"comment_status":"closed","ping_status":"closed","template":"","meta":{"site-sidebar-layout":"default","site-content-layout":"","ast-site-content-layout":"","site-content-style":"default","site-sidebar-style":"default","ast-global-header-display":"","ast-banner-title-visibility":"","ast-main-header-display":"","ast-hfb-above-header-display":"","ast-hfb-below-header-display":"","ast-hfb-mobile-header-display":"","site-post-title":"","ast-breadcrumbs-content":"","ast-featured-img":"","footer-sml-layout":"","theme-transparent-header-meta":"","adv-header-id-meta":"","stick-header-meta":"","header-above-stick-meta":"","header-main-stick-meta":"","header-below-stick-meta":"","astra-migrate-meta-layouts":"default","ast-page-background-enabled":"default","ast-page-background-meta":{"desktop":{"background-color":"var(--ast-global-color-4)","background-image":"","background-repeat":"repeat","background-position":"center center","background-size":"auto","background-attachment":"scroll","background-type":"","background-media":"","overlay-type":"","overlay-color":"","overlay-gradient":""},"tablet":{"background-color":"","background-image":"","background-repeat":"repeat","background-position":"center center","background-size":"auto","background-attachment":"scroll","background-type":"","background-media":"","overlay-type":"","overlay-color":"","overlay-gradient":""},"mobile":{"background-color":"","background-image":"","background-repeat":"repeat","background-position":"center center","background-size":"auto","background-attachment":"scroll","background-type":"","background-media":"","overlay-type":"","overlay-color":"","overlay-gradient":""}},"ast-content-background-meta":{"desktop":{"background-color":"var(--ast-global-color-5)","background-image":"","background-repeat":"repeat","background-position":"center center","background-size":"auto","background-attachment":"scroll","background-type":"","background-media":"","overlay-type":"","overlay-color":"","overlay-gradient":""},"tablet":{"background-color":"var(--ast-global-color-5)","background-image":"","background-repeat":"repeat","background-position":"center center","background-size":"auto","background-attachment":"scroll","background-type":"","background-media":"","overlay-type":"","overlay-color":"","overlay-gradient":""},"mobile":{"background-color":"var(--ast-global-color-5)","background-image":"","background-repeat":"repeat","background-position":"center center","background-size":"auto","background-attachment":"scroll","background-type":"","background-media":"","overlay-type":"","overlay-color":"","overlay-gradient":""}},"footnotes":""},"class_list":["post-44","page","type-page","status-publish","hentry"],"_links":{"self":[{"href":"https:\/\/maps.iee.fraunhofer.de\/energymaps\/index.php\/wp-json\/wp\/v2\/pages\/44","targetHints":{"allow":["GET"]}}],"collection":[{"href":"https:\/\/maps.iee.fraunhofer.de\/energymaps\/index.php\/wp-json\/wp\/v2\/pages"}],"about":[{"href":"https:\/\/maps.iee.fraunhofer.de\/energymaps\/index.php\/wp-json\/wp\/v2\/types\/page"}],"author":[{"embeddable":true,"href":"https:\/\/maps.iee.fraunhofer.de\/energymaps\/index.php\/wp-json\/wp\/v2\/users\/1"}],"replies":[{"embeddable":true,"href":"https:\/\/maps.iee.fraunhofer.de\/energymaps\/index.php\/wp-json\/wp\/v2\/comments?post=44"}],"version-history":[{"count":1,"href":"https:\/\/maps.iee.fraunhofer.de\/energymaps\/index.php\/wp-json\/wp\/v2\/pages\/44\/revisions"}],"predecessor-version":[{"id":45,"href":"https:\/\/maps.iee.fraunhofer.de\/energymaps\/index.php\/wp-json\/wp\/v2\/pages\/44\/revisions\/45"}],"wp:attachment":[{"href":"https:\/\/maps.iee.fraunhofer.de\/energymaps\/index.php\/wp-json\/wp\/v2\/media?parent=44"}],"curies":[{"name":"wp","href":"https:\/\/api.w.org\/{rel}","templated":true}]}}